435. Determine s(-4).
9
Let l(k) = 23*k**2 + 27*k - 265. Determine l(-4).
-5
Let p(d) = -2*d**2 + 268*d - 1073. Calculate p(4).
-33
Let i(f) = 348*f + 306. Determine i(-1).
-42
Let i(v) = v**3 - 64*v**2 + 63*v + 1. What is i(63)?
1
Let b(v) = -v**3 - 49*v**2 + 49*v - 41. Give b(-50).
9
Let f(o) = -4*o**2 + 9. Give f(-3).
-27
Let a(j) = 16*j + 2231. Give a(-139).
7
Let j(o) = -33*o**3 + 35*o**2 - 23*o + 25. Determine j(1).
4
Let a(x) = -3*x**3 + 2*x**2 + 6*x - 8. Give a(2).
-12
Let f(c) = 346*c + 93418. Give f(-270).
-2
Let y(a) = -a**3 - 13*a**2 - 29*a - 10. What is y(-10)?
-20
Let p(y) = -y**2 - 278*y + 50909. Calculate p(126).
5
Let z(r) = -7*r**3 + 391*r**2 + 54*r + 105. What is z(56)?
-7
Let w(o) = 4*o**3 - 592*o**2 - o + 127. Give w(148).
-21
Let c(k) = 9383*k - 28153. Give c(3).
-4
Let l(t) = 8*t**2 + 15*t - 1. Calculate l(-8).
391
Let j(l) = -11*l**2 + 513*l + 179. Calculate j(47).
-9
Let v(f) = -24*f - 740. Give v(-31).
4
Let l(b) = 15*b + 579. Calculate l(-39).
-6
Let i(h) = -17*h**3 - h**2 - 7*h - 15. Calculate i(-3).
456
Let u(f) = f**2 - 12*f + 25. Determine u(7).
-10
Let k(u) = -u**2 + 10*u + 286. Determine k(-11).
55
Let l(z) = z**2 - 464*z - 3725. Calculate l(-8).
51
Let z(j) = 4*j**2 + 85*j + 108. What is z(-20)?
8
Let a(q) = q**3 - 109*q**2 + 114*q - 629. Give a(108).
19
Let c(h) = -464*h + 2094. What is c(4)?
238
Let r(f) = -15*f + 11. Give r(17).
-244
Let c(b) = -b**2 - 49*b - 484. Give c(-13).
-16
Let m(k) = k**3 + 3*k**2 + 42*k + 19. Give m(0).
19
Let r(b) = -584*b - 3474. Give r(-6).
30
Let k(q) = -3*q**3 - 249*q**2 + 70*q + 5804. Calculate k(-83).
-6
Let l(i) = 2*i**2 - 160*i - 4999. Give l(-24).
-7
Let g(m) = -96*m + 21216. Determine g(221).
0
Let h(z) = z + 83. What is h(-15)?
68
Let v(o) = -o**3 + 6*o**2 - 75*o + 1436. Give v(11).
6
Let a(n) = -4*n**2 - 54*n + 23. Calculate a(-15).
-67
Let r(g) = g**2 + 17*g - 421. Determine r(12).
-73
Let c(r) = 16*r**3 + 8*r**2 + 16*r + 5. Determine c(-2).
-123
Let a(h) = h**2 - 43*h + 454. Determine a(18).
4
Let o(g) = 2*g**3 - 37*g**2 - 19*g + 47. Give o(19).
47
Let r(x) = -431*x + 4. Give r(0).
4
Let t(i) = 61*i + 545. Calculate t(3).
728
Let i(d) = -205*d - 307. Give i(-1).
-102
Let q(s) = 43*s - 633. Determine q(11).
-160
Let m(t) = -629*t + 5049. Calculate m(8).
17
Let t(v) = 20*v**2 - 423*v + 11. Calculate t(21).
-52
Let v(t) = -13*t**2 - 42*t + 136. Calculate v(3).
-107
Let z(d) = 2*d**3 - 30*d**2 - 8*d - 26. Calculate z(16).
358
Let k(b) = b**3 + 45*b**2 - 2*b - 93. What is k(-45)?
-3
Let n(y) = -y**2 - 14*y + 119. Determine n(15).
-316
Let o(s) = -1434*s + 12. What is o(0)?
12
Let z(w) = -7*w**3 - 56*w**2 - 46*w + 13. Calculate z(-7).
-8
Let i(b) = 9*b**2 - 323*b - 7. Give i(36).
29
Let g(l) = l**2 + 25*l + 73. Determine g(-5).
-27
Let p(a) = a**3 - 12*a**2 - 110*a + 153. Determine p(-7).
-8
Let f(v) = -2*v**2 + 102*v + 76. Give f(52).
-28
Let p(a) = -4*a**2 + 4*a + 10. What is p(-2)?
-14
Let a(o) = -2*o - 120. Give a(63).
-246
Let i(c) = -20*c - 45. Give i(-9).
135
Let v(d) = d**2 - 458*d + 12452. Calculate v(29).
11
Let s(q) = 71*q - 103. What is s(2)?
39
Let s(c) = -c**2 + 86*c + 86. What is s(-1)?
-1
Let l(y) = 2*y**3 + 7*y**2 - 135*y - 27. What is l(-10)?
23
Let f(i) = -396*i - 443. Give f(-3).
745
Let x(u) = -u**3 + 25*u**2 - 31*u - 46. Determine x(24).
-214
Let d(v) = 12*v + 382. Calculate d(-26).
70
Let g(u) = u**3 - 15*u**2 + 44*u. Determine g(11).
0
Let a(q) = -q**3 - 39*q**2 - 235*q - 174. What is a(-32)?
178
Let k(v) = -265*v + 3706. What is k(14)?
-4
Let m(y) = 69*y**3 - 4*y**2 + 7*y - 9. Determine m(2).
541
Let g(u) = -204*u - 11830. What is g(-58)?
2
Let c(u) = 7*u**2 + 15. Calculate c(-3).
78
Let u(p) = p**3 - 11*p**2 + 10*p - 8. Calculate u(10).
-8
Let a(m) = 30*m - 259. Give a(9).
11
Let i(q) = 10*q - 82. Calculate i(20).
118
Let g(r) = r**3 + 11*r**2 - 152*r - 18. What is g(8)?
-18
Let t(b) = -19*b**3 + b**2 - 100*b + 100. Give t(1).
-18
Let a(z) = -972*z + 8763. Determine a(9).
15
Let o(k) = -3*k**3 + 19*k**2 - 3*k + 10. What is o(6)?
28
Let z(c) = -30*c**2 - 11*c + 18. Give z(0).
18
Let k(t) = -t**3 + 6*t**2 + 38*t + 31. Determine k(10).
11
Let b(j) = -j**2 - 119*j - 2041. Calculate b(-21).
17
Let n(y) = y**3 - 12*y**2 + 15*y + 50. Calculate n(3).
14
Let p(t) = -6*t**3 + 80*t**2 - 29*t - 22. What is p(13)?
-61
Let j(b) = -4*b**2 - 4*b - 24. Determine j(-8).
-248
Let c(z) = -5*z**2 + 213*z + 1151. What is c(-5)?
-39
Let q(m) = -2*m**3 + 4*m**2 + 74*m - 6. What is q(-6)?
126
Let s(l) = -2*l**3 + 8*l**2 - 12*l - 6. What is s(3)?
-24
Let c(n) = 566*n - 4522. Calculate c(8).
6
Let h(n) = -1326*n**2 - 6629*n + 9. What is h(-5)?
4
Let x(f) = -1112*f - 4466. Determine x(-4).
-18
Let r(y) = -y**2 + 113*y - 1471. Calculate r(15).
-1
Let g(u) = 5*u**2 + 19*u + 68. Determine g(-6).
134
Let i(g) = -7*g - 562. Calculate i(-76).
-30
Let o(q) = q**2 + 977*q - 3919. Determine o(4).
5
Let v(r) = -r**3 - 3*r**2 - 173*r - 736. What is v(-4)?
-28
Let n(b) = b**3 - 32*b**2 - 101*b - 19. Calculate n(35).
121
Let c(h) = h**3 - 6*h**2 - 9*h - 57. What is c(8)?
-1
Let t(s) = s**2 - 35*s - 85. Determine t(29).
-259
Let o(s) = 6*s**2 - 67*s - 33. Give o(11).
-44
Let i(f) = -452*f - 7224. What is i(-16)?
8
Let d(b) = -7*b**2 + 794*b + 3958. Determine d(-5).
-187
Let i(u) = -u**2 - 64*u - 868. Determine i(-19).
-13
Let c(u) = -3*u**2 - 94*u - 77. What is c(-31)?
-46
Let k(z) = -3*z**2 - 36*z + 486. What is k(-20)?
6
Let p(n) = -n**2 + 76*n - 418. Give p(70).
2
Let v(q) = 3*q**2 - 43*q - 1. Give v(14).
-15
Let u(g) = g**3 + 17*g**2 + 82*g + 10. What is u(-8)?
-70
Let g(b) = 6*b**2 + 17*b - 25. Determine g(1).
-2
Let a(t) = 24*t + 87. Give a(-4).
-9
Let n(b) = -b**3 + 5*b**2 + 57*b - 343. Give n(7).
-42
Let d(h) = 7*h**3 + 87*h**2 - 463*h - 10. Determine d(4).
-22
Let v(q) = -20915*q - 125503. What is v(-6)?
-13
Let i(m) = -2*m**3 - 107*m**2 - 42*m + 583. What is i(-53)?
0
Let i(j) = 4*j**2 - 53*j - 2017. Calculate i(30).
-7
Let u(r) = -3123*r + 187386. Give u(60).
6
Let s(g) = -g**3 + 20*g**2 - 81*g - 151. What is s(9)?
11
Let n(g) = 2*g**3 + 20*g**2 + 5*g + 39. Calculate n(-10).
-11
Let u(a) = a**3 + 7*a**2 - 29*a - 183. Give u(-7).
20
Let l(k) = 210*k + 4626. Give l(-22).
6
Let h(r) = -697*r**2 + 25*r - 26. Calculate h(1).
-698
Let t(y) = -y**3 + 5*y**2 + 104*y + 1. Determine t(13).
1
Let v(g) = 46*g - 39. Calculate v(5).
191
Let x(b) = -b**3 - 2*b**2 - 91*b - 535. Give x(-5).
-5
Let g(o) = o**3 - 5*o**2 - 81*o - 27. What is g(12)?
9
Let y(f) = -f**3 + 8*f**2 - 4*f - 21. What is y(6)?
27
Let q(m) = -138*m + 4824. Calculate q(35).
-6
Let r(a) = -13*a - 47. Calculate r(-1).
-34
Let u(r) = -23*r**2 + 41*r - 46. Determine u(1).
-28
Let y(d) = -66*d**2 + 46*d - 82. Determine y(2).
-254
Let q(s) = -91*s - 57. Give q(2).
-239
Let x(p) = -p**3 + 145*p**2 - 464*p + 5385. Give x(142).
-11
Let k(l) = l**3 - 19*l**2 + 51*l - 27. Give k(16).
21
Let b(c) = c**2 - 101*c + 200. Give b(2).
2
Let y(z) = -30*z + 372. What is y(9)?
102
Let u(t) = -25*t - 378. Give u(-32).
422
Let c(k) = -3229*k - 9682. Determine c(-3).
5
Let f(o) = o**3 - 36*o**2 + 9. Calculate f(36).
9
Let w(p) = -3*p**3 - 12*p**2 + 59*p - 37. Give w(4).
-185
Let d(c) = 65*c - 1423. What is d(22)?
7
Let s(x) = 10*x**2 - 7*x - 8. Determine s(-4).
180
Let v(r) = -28*r**2 - 12*r. Calculate v(-1).
-16
Let j(c) = 387*c - 19042. What is j(49)?
-79
Let k(t) = 24*t**2 - 29*t + 27. Calculate k(1).
22
Let c(z) = -140*z + 1081. Give c(4).
521
Let o(i) = 2*i**2 + 106*i - 439. What is o(4)?
17
Let y(q) = -q**2 - 7*q - 21. Give y(-15).
-141
Let l(k) = k**3 - 27*k**2 + 41*k - 397. Determine l(26).
-7
Let d(a) = 2*a**3 + 21*a**2 + 4*a - 18. Calculate d(-10).
42
Let l(m) = m**3 - 135*m**2 + 897*m - 123. Calculate l(128).
5
Let s(u) = 2*u**3 + 57*u**2 + 30*u + 31. Determine s(-28).
-25
Let a(b) = 5*b**3 + 19*b**2 - 21*b - 79. Give a(-4).
-11
Let o(b) = -4*b**2 - 11*b + 13. Calculate o(6).
-197
Let i(a) = 371*a + 373. Give i(-1).
2
Let k(y) = -y**2 + 4*y + 301. Give k(23).
-136
Let q(y) = 18*y**2 - 25*y - 24. What is q(-1)?
19
Let m(j) = 54324*j + 706211. Determine m(-13).
-1
Let q(t) = -t**3 - 98*t**2 - 637*t - 2. What is q(-91)?
-2
Let r(h) = -h**2 + 12*h + 247. Calculate r(-12).
-41
Let x(v) = -14*v**3 + 4*v**2 + 8*v + 5. Give x(-1).
15
Let m(